{"id":92,"date":"2023-02-12T12:08:12","date_gmt":"2023-02-12T11:08:12","guid":{"rendered":"https:\/\/sws.mjedv.com\/?page_id=92"},"modified":"2024-09-26T14:07:35","modified_gmt":"2024-09-26T12:07:35","slug":"leitgedanke","status":"publish","type":"page","link":"https:\/\/schwarzwaldschule-rheinstetten.de\/?page_id=92","title":{"rendered":"Leitgedanke"},"content":{"rendered":"\n<p><\/p>\n\n\n\n<p class=\"has-text-align-center has-larger-font-size\"><\/p>\n\n\n\n<p><\/p>\n\n\n\n<p>Unsere Schule m\u00f6chten wir als Lebensraum gestalten, in dem sich alle Kinder entsprechend ihren F\u00e4higkeiten entfalten k\u00f6nnen und Anregungen erhalten, um Interessen und Neigungen zu entwickeln und zu f\u00f6rdern. Dies erfolgt durch ein vertrauens- und respektvolles Miteinander und gegenseitiger Wertsch\u00e4tzung. <\/p>\n\n\n\n<p>Unser Ziel ist es, ad\u00e4quat und zeitnah auf ver\u00e4nderte Anforderungen zu reagieren und dabei nie die Kinder aus dem Blick zu verlieren. Deshalb wollen wir das Gesamtangebot der Schule fortlaufend im Dialog zwischen Eltern, Kindern, Schultr\u00e4ger und Fachkr\u00e4ften weiterentwickeln. Wir freuen uns \u00fcber eine vertrauensvolle Zusammenarbeit und offene Kommunikation mit Ihnen, um gemeinsam Verantwortung f\u00fcr Ihre Kinder zu \u00fcbernehmen.<\/p>\n\n\n\n<p><\/p>\n\n\n\n<figure class=\"wp-block-image size-large is-style-rounded\"><img loading=\"lazy\" decoding=\"async\" width=\"1024\" height=\"898\" src=\"https:\/\/schwarzwaldschule-rheinstetten.de\/wp-content\/uploads\/2023\/11\/Bildschirmfoto-2023-11-23-um-19.36.29-1024x898.png\" alt=\"\" class=\"wp-image-485\" srcset=\"https:\/\/schwarzwaldschule-rheinstetten.de\/wp-content\/uploads\/2023\/11\/Bildschirmfoto-2023-11-23-um-19.36.29-1024x898.png 1024w, https:\/\/schwarzwaldschule-rheinstetten.de\/wp-content\/uploads\/2023\/11\/Bildschirmfoto-2023-11-23-um-19.36.29-300x263.png 300w, https:\/\/schwarzwaldschule-rheinstetten.de\/wp-content\/uploads\/2023\/11\/Bildschirmfoto-2023-11-23-um-19.36.29-768x674.png 768w, https:\/\/schwarzwaldschule-rheinstetten.de\/wp-content\/uploads\/2023\/11\/Bildschirmfoto-2023-11-23-um-19.36.29-16x14.png 16w, https:\/\/schwarzwaldschule-rheinstetten.de\/wp-content\/uploads\/2023\/11\/Bildschirmfoto-2023-11-23-um-19.36.29-36x32.png 36w, https:\/\/schwarzwaldschule-rheinstetten.de\/wp-content\/uploads\/2023\/11\/Bildschirmfoto-2023-11-23-um-19.36.29-48x42.png 48w, https:\/\/schwarzwaldschule-rheinstetten.de\/wp-content\/uploads\/2023\/11\/Bildschirmfoto-2023-11-23-um-19.36.29.png 1076w\" sizes=\"auto, (max-width: 1024px) 100vw, 1024px\" \/><\/figure>\n","protected":false},"excerpt":{"rendered":"<p>Unsere Schule m\u00f6chten wir als Lebensraum gestalten, in dem sich alle Kinder entsprechend ihren F\u00e4higkeiten entfalten k\u00f6nnen und Anregungen erhalten, um Interessen und Neigungen zu [&hellip;]<\/p>\n","protected":false},"author":1,"featured_media":0,"parent":0,"menu_order":0,"comment_status":"closed","ping_status":"closed","template":"","meta":{"footnotes":""},"class_list":["post-92","page","type-page","status-publish","hentry"],"_links":{"self":[{"href":"https:\/\/schwarzwaldschule-rheinstetten.de\/index.php?rest_route=\/wp\/v2\/pages\/92","targetHints":{"allow":["GET"]}}],"collection":[{"href":"https:\/\/schwarzwaldschule-rheinstetten.de\/index.php?rest_route=\/wp\/v2\/pages"}],"about":[{"href":"https:\/\/schwarzwaldschule-rheinstetten.de\/index.php?rest_route=\/wp\/v2\/types\/page"}],"author":[{"embeddable":true,"href":"https:\/\/schwarzwaldschule-rheinstetten.de\/index.php?rest_route=\/wp\/v2\/users\/1"}],"replies":[{"embeddable":true,"href":"https:\/\/schwarzwaldschule-rheinstetten.de\/index.php?rest_route=%2Fwp%2Fv2%2Fcomments&post=92"}],"version-history":[{"count":5,"href":"https:\/\/schwarzwaldschule-rheinstetten.de\/index.php?rest_route=\/wp\/v2\/pages\/92\/revisions"}],"predecessor-version":[{"id":966,"href":"https:\/\/schwarzwaldschule-rheinstetten.de\/index.php?rest_route=\/wp\/v2\/pages\/92\/revisions\/966"}],"wp:attachment":[{"href":"https:\/\/schwarzwaldschule-rheinstetten.de\/index.php?rest_route=%2Fwp%2Fv2%2Fmedia&parent=92"}],"curies":[{"name":"wp","href":"https:\/\/api.w.org\/{rel}","templated":true}]}}

<p></p>



<p class="has-text-align-center has-larger-font-size"></p>



<p></p>



<p>Unsere Schule möchten wir als Lebensraum gestalten, in dem sich alle Kinder entsprechend ihren Fähigkeiten entfalten können und Anregungen erhalten, um Interessen und Neigungen zu entwickeln und zu fördern. Dies erfolgt durch ein vertrauens- und respektvolles Miteinander und gegenseitiger Wertschätzung. </p>



<p>Unser Ziel ist es, adäquat und zeitnah auf veränderte Anforderungen zu reagieren und dabei nie die Kinder aus dem Blick zu verlieren. Deshalb wollen wir das Gesamtangebot der Schule fortlaufend im Dialog zwischen Eltern, Kindern, Schulträger und Fachkräften weiterentwickeln. Wir freuen uns über eine vertrauensvolle Zusammenarbeit und offene Kommunikation mit Ihnen, um gemeinsam Verantwortung für Ihre Kinder zu übernehmen.</p>



<p></p>



<figure class="wp-block-image size-large is-style-rounded"><img loading="lazy" decoding="async" width="1024" height="898" src="https://schwarzwaldschule-rheinstetten.de/wp-content/uploads/2023/11/Bildschirmfoto-2023-11-23-um-19.36.29-1024x898.png" alt="" class="wp-image-485" srcset="https://schwarzwaldschule-rheinstetten.de/wp-content/uploads/2023/11/Bildschirmfoto-2023-11-23-um-19.36.29-1024x898.png 1024w, https://schwarzwaldschule-rheinstetten.de/wp-content/uploads/2023/11/Bildschirmfoto-2023-11-23-um-19.36.29-300x263.png 300w, https://schwarzwaldschule-rheinstetten.de/wp-content/uploads/2023/11/Bildschirmfoto-2023-11-23-um-19.36.29-768x674.png 768w, https://schwarzwaldschule-rheinstetten.de/wp-content/uploads/2023/11/Bildschirmfoto-2023-11-23-um-19.36.29-16x14.png 16w, https://schwarzwaldschule-rheinstetten.de/wp-content/uploads/2023/11/Bildschirmfoto-2023-11-23-um-19.36.29-36x32.png 36w, https://schwarzwaldschule-rheinstetten.de/wp-content/uploads/2023/11/Bildschirmfoto-2023-11-23-um-19.36.29-48x42.png 48w, https://schwarzwaldschule-rheinstetten.de/wp-content/uploads/2023/11/Bildschirmfoto-2023-11-23-um-19.36.29.png 1076w" sizes="auto, (max-width: 1024px) 100vw, 1024px" /></figure>

<p>Unsere Schule möchten wir als Lebensraum gestalten, in dem sich alle Kinder entsprechend ihren Fähigkeiten entfalten können und Anregungen erhalten, um Interessen und Neigungen zu [&hellip;]</p>
