{"id":306,"date":"2023-02-13T16:06:22","date_gmt":"2023-02-13T15:06:22","guid":{"rendered":"https:\/\/sws.mjedv.com\/?page_id=306"},"modified":"2023-03-15T20:39:44","modified_gmt":"2023-03-15T19:39:44","slug":"musikverein-forchheim","status":"publish","type":"page","link":"https:\/\/schwarzwaldschule-rheinstetten.de\/?page_id=306","title":{"rendered":"Musikverein Forchheim"},"content":{"rendered":"\n<h3 class=\"has-text-align-center wp-block-heading\">Kooperation Schule \u2013 Musikverein Forchheim<\/h3>\n\n\n\n<div style=\"height:25px\" aria-hidden=\"true\" class=\"wp-block-spacer\"><\/div>\n\n\n\n<p>Mit dem Musikverein \u201eHarmonie\u201c Forchheim e.V. besteht seit Jahren eine lebendige Kooperation. Im Jahr 2021 wurde die Kooperation &#8222;Schule -Verein&#8220; erneut beurkundet. Ansprechpartner f\u00fcr die Kooperation mit dem Musikverein ist Frau Eing.<\/p>\n\n\n\n<p>Link zur Homepage des Musikvereins: <a href=\"http:\/\/musikverein-harmonie-forchheim.de\/index.html\">http:\/\/musikverein-harmonie-forchheim.de\/index.html<\/a><\/p>\n\n\n\n<div style=\"height:25px\" aria-hidden=\"true\" class=\"wp-block-spacer\"><\/div>\n\n\n\n<p>Schwerpunkte der Kooperation sind bislang:<\/p>\n\n\n\n<div style=\"height:25px\" aria-hidden=\"true\" class=\"wp-block-spacer\"><\/div>\n\n\n\n<p><strong><u>Bl\u00e4ser-AG<\/u><\/strong><\/p>\n\n\n\n<p>Jahrgangs\u00fcbergreifende AG f\u00fcr Bl\u00e4ser und Schlagzeuger aus Klassenstufe 2-4. Gemeinsam wird das Zusammenspiel im \u201eOrchester\u201c ge\u00fcbt.<\/p>\n\n\n\n<p>Aktuell proben 17 Kinder aus Klassenstufe 2-4 mit Querfl\u00f6te, Klarinette, Saxofon, Trompete, Bariton und Cajon dienstags von 14.15 Uhr-15 Uhr im Musiksaal.<\/p>\n\n\n\n<p>Leitung und Information zur Bl\u00e4ser-AG: Bianka Eing (0721\/9512614, BiankaEing@web.de)<\/p>\n\n\n\n<p>Informationen zu Instrumentallehrern und Leihinstrumenten des Musikvereins: J\u00fcrgen Weigel (07242\/953060)<\/p>\n\n\n\n<div style=\"height:25px\" aria-hidden=\"true\" class=\"wp-block-spacer\"><\/div>\n\n\n\n<p><strong><u>Experten im Unterricht<\/u><\/strong><\/p>\n\n\n\n<p>(Musiker, Dirigenten oder Komponisten bereichern den schulischen Musikunterricht, wenn es um Themen wie Instrumentenkunde oder Komposition geht)<\/p>\n\n\n\n<div style=\"height:25px\" aria-hidden=\"true\" class=\"wp-block-spacer\"><\/div>\n\n\n\n<p><strong><u>Musikalische Mitgestaltung schulischer Veranstaltungen<\/u><\/strong><\/p>\n\n\n\n<p>(z.B. Auftritte und Mitmachangebote an Schulfesten, Theaterst\u00fccke der Schulklassen werden von Sch\u00fclerorchester\/Bl\u00e4ser-AG mit Musik umrahmt oder untermalt etc.)&nbsp;<\/p>\n\n\n\n<div style=\"height:25px\" aria-hidden=\"true\" class=\"wp-block-spacer\"><\/div>\n\n\n\n<p><strong><u>Ausprobieren und Ausleihen von Instrumenten<\/u><\/strong><\/p>\n\n\n\n<p>(Kinder der Grundschule k\u00f6nnen Instrumente unter Anleitung ausprobieren und f\u00fcr den Anfang, falls vorhanden, auch beim Musikverein ausleihen)<\/p>\n","protected":false},"excerpt":{"rendered":"<p>Kooperation Schule \u2013 Musikverein Forchheim Mit dem Musikverein \u201eHarmonie\u201c Forchheim e.V. besteht seit Jahren eine lebendige Kooperation. Im Jahr 2021 wurde die Kooperation &#8222;Schule -Verein&#8220; [&hellip;]<\/p>\n","protected":false},"author":1,"featured_media":0,"parent":0,"menu_order":0,"comment_status":"closed","ping_status":"closed","template":"","meta":{"footnotes":""},"class_list":["post-306","page","type-page","status-publish","hentry"],"_links":{"self":[{"href":"https:\/\/schwarzwaldschule-rheinstetten.de\/index.php?rest_route=\/wp\/v2\/pages\/306","targetHints":{"allow":["GET"]}}],"collection":[{"href":"https:\/\/schwarzwaldschule-rheinstetten.de\/index.php?rest_route=\/wp\/v2\/pages"}],"about":[{"href":"https:\/\/schwarzwaldschule-rheinstetten.de\/index.php?rest_route=\/wp\/v2\/types\/page"}],"author":[{"embeddable":true,"href":"https:\/\/schwarzwaldschule-rheinstetten.de\/index.php?rest_route=\/wp\/v2\/users\/1"}],"replies":[{"embeddable":true,"href":"https:\/\/schwarzwaldschule-rheinstetten.de\/index.php?rest_route=%2Fwp%2Fv2%2Fcomments&post=306"}],"version-history":[{"count":3,"href":"https:\/\/schwarzwaldschule-rheinstetten.de\/index.php?rest_route=\/wp\/v2\/pages\/306\/revisions"}],"predecessor-version":[{"id":416,"href":"https:\/\/schwarzwaldschule-rheinstetten.de\/index.php?rest_route=\/wp\/v2\/pages\/306\/revisions\/416"}],"wp:attachment":[{"href":"https:\/\/schwarzwaldschule-rheinstetten.de\/index.php?rest_route=%2Fwp%2Fv2%2Fmedia&parent=306"}],"curies":[{"name":"wp","href":"https:\/\/api.w.org\/{rel}","templated":true}]}}

<h3 class="has-text-align-center wp-block-heading">Kooperation Schule – Musikverein Forchheim</h3>



<div style="height:25px" aria-hidden="true" class="wp-block-spacer"></div>



<p>Mit dem Musikverein „Harmonie“ Forchheim e.V. besteht seit Jahren eine lebendige Kooperation. Im Jahr 2021 wurde die Kooperation &#8222;Schule -Verein&#8220; erneut beurkundet. Ansprechpartner für die Kooperation mit dem Musikverein ist Frau Eing.</p>



<p>Link zur Homepage des Musikvereins: <a href="http://musikverein-harmonie-forchheim.de/index.html">http://musikverein-harmonie-forchheim.de/index.html</a></p>



<div style="height:25px" aria-hidden="true" class="wp-block-spacer"></div>



<p>Schwerpunkte der Kooperation sind bislang:</p>



<div style="height:25px" aria-hidden="true" class="wp-block-spacer"></div>



<p><strong><u>Bläser-AG</u></strong></p>



<p>Jahrgangsübergreifende AG für Bläser und Schlagzeuger aus Klassenstufe 2-4. Gemeinsam wird das Zusammenspiel im „Orchester“ geübt.</p>



<p>Aktuell proben 17 Kinder aus Klassenstufe 2-4 mit Querflöte, Klarinette, Saxofon, Trompete, Bariton und Cajon dienstags von 14.15 Uhr-15 Uhr im Musiksaal.</p>



<p>Leitung und Information zur Bläser-AG: Bianka Eing (0721/9512614, BiankaEing@web.de)</p>



<p>Informationen zu Instrumentallehrern und Leihinstrumenten des Musikvereins: Jürgen Weigel (07242/953060)</p>



<div style="height:25px" aria-hidden="true" class="wp-block-spacer"></div>



<p><strong><u>Experten im Unterricht</u></strong></p>



<p>(Musiker, Dirigenten oder Komponisten bereichern den schulischen Musikunterricht, wenn es um Themen wie Instrumentenkunde oder Komposition geht)</p>



<div style="height:25px" aria-hidden="true" class="wp-block-spacer"></div>



<p><strong><u>Musikalische Mitgestaltung schulischer Veranstaltungen</u></strong></p>



<p>(z.B. Auftritte und Mitmachangebote an Schulfesten, Theaterstücke der Schulklassen werden von Schülerorchester/Bläser-AG mit Musik umrahmt oder untermalt etc.)&nbsp;</p>



<div style="height:25px" aria-hidden="true" class="wp-block-spacer"></div>



<p><strong><u>Ausprobieren und Ausleihen von Instrumenten</u></strong></p>



<p>(Kinder der Grundschule können Instrumente unter Anleitung ausprobieren und für den Anfang, falls vorhanden, auch beim Musikverein ausleihen)</p>
