{"id":301,"date":"2023-02-13T16:05:26","date_gmt":"2023-02-13T15:05:26","guid":{"rendered":"https:\/\/sws.mjedv.com\/?page_id=301"},"modified":"2024-01-31T19:09:59","modified_gmt":"2024-01-31T18:09:59","slug":"raum-der-stille","status":"publish","type":"page","link":"https:\/\/schwarzwaldschule-rheinstetten.de\/?page_id=301","title":{"rendered":"Raum der Stille"},"content":{"rendered":"\n<h2 class=\"wp-block-heading has-text-align-center\">&#8222;Kein Raum wie jeder Andere&#8220;<\/h2>\n\n\n\n<p class=\"has-text-align-center\"><em><strong>\u201eDenn der Raum des Geistes, dort wo er seine Fl\u00fcgel \u00f6ffnen kann, das ist die Stille.\u201c<br>(Antoine de Saint-Exupery)<\/strong><\/em><\/p>\n\n\n\n<div style=\"height:25px\" aria-hidden=\"true\" class=\"wp-block-spacer\"><\/div>\n\n\n\n<div class=\"wp-block-columns is-layout-flex wp-container-core-columns-is-layout-9d6595d7 wp-block-columns-is-layout-flex\">\n<div class=\"wp-block-column is-layout-flow wp-block-column-is-layout-flow\"><div class=\"wp-block-image\">\n<figure class=\"aligncenter size-full is-resized\"><img loading=\"lazy\" decoding=\"async\" width=\"378\" height=\"495\" src=\"https:\/\/schwarzwaldschule-rheinstetten.de\/wp-content\/uploads\/2024\/01\/raumderstille1.jpg\" alt=\"\" class=\"wp-image-873\" style=\"width:201px;height:auto\" srcset=\"https:\/\/schwarzwaldschule-rheinstetten.de\/wp-content\/uploads\/2024\/01\/raumderstille1.jpg 378w, https:\/\/schwarzwaldschule-rheinstetten.de\/wp-content\/uploads\/2024\/01\/raumderstille1-229x300.jpg 229w, https:\/\/schwarzwaldschule-rheinstetten.de\/wp-content\/uploads\/2024\/01\/raumderstille1-12x16.jpg 12w, https:\/\/schwarzwaldschule-rheinstetten.de\/wp-content\/uploads\/2024\/01\/raumderstille1-27x36.jpg 27w, https:\/\/schwarzwaldschule-rheinstetten.de\/wp-content\/uploads\/2024\/01\/raumderstille1-37x48.jpg 37w\" sizes=\"auto, (max-width: 378px) 100vw, 378px\" \/><\/figure>\n<\/div><\/div>\n\n\n\n<div class=\"wp-block-column is-layout-flow wp-block-column-is-layout-flow\">\n<div style=\"height:15px\" aria-hidden=\"true\" class=\"wp-block-spacer\"><\/div>\n\n\n\n<p><em>Dieser Raum soll ein Ort sein, an dem viele verschiedene Angebote m\u00f6glich sind, die zur Achtsamkeit und zur R\u00fcckf\u00fchrung zu sich selbst f\u00fchren. Es ist ein Ort des Zusammentreffens, der einen Gegenpol f\u00fcr das oft sehr hektische und lautstarke Schulleben bietet. Grunds\u00e4tzlich soll es ein Raum sein, der keine \u201eWohnzimmeratmosph\u00e4re\u201c hat, sondern durch seine Schlichtheit die M\u00f6glichkeit bietet, der eigenen Fantasie Raum geben.<\/em><\/p>\n<\/div>\n\n\n\n<div class=\"wp-block-column is-layout-flow wp-block-column-is-layout-flow\"><div class=\"wp-block-image\">\n<figure class=\"aligncenter size-full is-resized\"><img loading=\"lazy\" decoding=\"async\" width=\"296\" height=\"605\" src=\"https:\/\/schwarzwaldschule-rheinstetten.de\/wp-content\/uploads\/2024\/01\/raumderstille3.jpg\" alt=\"\" class=\"wp-image-888\" style=\"width:180px;height:auto\" srcset=\"https:\/\/schwarzwaldschule-rheinstetten.de\/wp-content\/uploads\/2024\/01\/raumderstille3.jpg 296w, https:\/\/schwarzwaldschule-rheinstetten.de\/wp-content\/uploads\/2024\/01\/raumderstille3-147x300.jpg 147w, https:\/\/schwarzwaldschule-rheinstetten.de\/wp-content\/uploads\/2024\/01\/raumderstille3-8x16.jpg 8w, https:\/\/schwarzwaldschule-rheinstetten.de\/wp-content\/uploads\/2024\/01\/raumderstille3-18x36.jpg 18w, https:\/\/schwarzwaldschule-rheinstetten.de\/wp-content\/uploads\/2024\/01\/raumderstille3-23x48.jpg 23w\" sizes=\"auto, (max-width: 296px) 100vw, 296px\" \/><\/figure>\n<\/div><\/div>\n<\/div>\n\n\n\n<div style=\"height:25px\" aria-hidden=\"true\" class=\"wp-block-spacer\"><\/div>\n\n\n\n<div class=\"wp-block-columns is-layout-flex wp-container-core-columns-is-layout-9d6595d7 wp-block-columns-is-layout-flex\">\n<div class=\"wp-block-column is-layout-flow wp-block-column-is-layout-flow\">\n<h5 class=\"wp-block-heading\"><strong>Ein Raum, der<\/strong><\/h5>\n\n\n\n<ul class=\"wp-block-list\">\n<li>Entspannung<\/li>\n\n\n\n<li>Sammlung<\/li>\n\n\n\n<li>ganzheitliches Arbeiten<\/li>\n\n\n\n<li>tiefere Begegnung<\/li>\n\n\n\n<li>R\u00fcckzug<\/li>\n\n\n\n<li>Meditation<\/li>\n<\/ul>\n\n\n\n<h5 class=\"wp-block-heading\"><strong>erm\u00f6glicht<\/strong>.<\/h5>\n<\/div>\n\n\n\n<div class=\"wp-block-column is-layout-flow wp-block-column-is-layout-flow\">\n<h5 class=\"wp-block-heading\"><strong>Ein Raum, der<\/strong><\/h5>\n\n\n\n<ul class=\"wp-block-list\">\n<li>Unruhe<\/li>\n\n\n\n<li>L\u00e4rm<\/li>\n\n\n\n<li>Schnelllebigkeit<\/li>\n\n\n\n<li>Aggressivit\u00e4t<\/li>\n\n\n\n<li>Konzentrationsst\u00f6rungen<\/li>\n\n\n\n<li>Getrieben sein<\/li>\n<\/ul>\n\n\n\n<h5 class=\"wp-block-heading\"><strong>vermeiden hilft.<\/strong><\/h5>\n<\/div>\n\n\n\n<div class=\"wp-block-column is-layout-flow wp-block-column-is-layout-flow\">\n<figure class=\"wp-block-image size-full\"><img loading=\"lazy\" decoding=\"async\" width=\"403\" height=\"537\" src=\"https:\/\/schwarzwaldschule-rheinstetten.de\/wp-content\/uploads\/2024\/01\/raumderstille2.jpg\" alt=\"\" class=\"wp-image-880\" style=\"aspect-ratio:4\/3;object-fit:cover\" srcset=\"https:\/\/schwarzwaldschule-rheinstetten.de\/wp-content\/uploads\/2024\/01\/raumderstille2.jpg 403w, https:\/\/schwarzwaldschule-rheinstetten.de\/wp-content\/uploads\/2024\/01\/raumderstille2-225x300.jpg 225w, https:\/\/schwarzwaldschule-rheinstetten.de\/wp-content\/uploads\/2024\/01\/raumderstille2-12x16.jpg 12w, https:\/\/schwarzwaldschule-rheinstetten.de\/wp-content\/uploads\/2024\/01\/raumderstille2-27x36.jpg 27w, https:\/\/schwarzwaldschule-rheinstetten.de\/wp-content\/uploads\/2024\/01\/raumderstille2-36x48.jpg 36w\" sizes=\"auto, (max-width: 403px) 100vw, 403px\" \/><\/figure>\n<\/div>\n<\/div>\n\n\n\n<div style=\"height:25px\" aria-hidden=\"true\" class=\"wp-block-spacer\"><\/div>\n\n\n\n<h5 class=\"wp-block-heading has-text-align-center\"><strong>Nutzungsm\u00f6glichkeiten<\/strong><\/h5>\n\n\n\n<ul class=\"wp-block-list\">\n<li>Fantasiereisen haben hier ihren Ort<\/li>\n\n\n\n<li>Entspannungs- und Konzentrations\u00fcbungen<\/li>\n\n\n\n<li>Gespr\u00e4chskreise in besonderer Atmosph\u00e4re<\/li>\n\n\n\n<li>Ein Raum f\u00fcr Einzelgespr\u00e4che, z.B. bei einem Trauerfall oder Lern- und \u00a0Verhaltensproblemen<\/li>\n\n\n\n<li>Ein Raum f\u00fcr ganz pers\u00f6nliche, kollegiale Gespr\u00e4che<\/li>\n\n\n\n<li>Ein Raum, um \u00fcber aktuelle Ereignisse zu sprechen<\/li>\n\n\n\n<li>Entspannungspausen f\u00fcr Sch\u00fcler*innen<\/li>\n\n\n\n<li>Thematisch gestaltete Pausen in der Fasten- und Adventszeit<\/li>\n\n\n\n<li>Ganzheitliches Arbeiten im Religionsunterricht<\/li>\n\n\n\n<li>Ein Raum f\u00fcr Gebet und Meditation<\/li>\n\n\n\n<li>F\u00fcr die Schulsozialarbeit und ihre Angebote<\/li>\n\n\n\n<li>Jede Lehrkraft kann w\u00e4hrend des Schulalltages Ruhe und Entspannung finden<\/li>\n<\/ul>\n\n\n\n<div style=\"height:25px\" aria-hidden=\"true\" class=\"wp-block-spacer\"><\/div>\n\n\n\n<p class=\"has-small-font-size\">Das Konzept des Raumes wurde durch die Fachschaft Religion und der Schulseelsorge erarbeitet und umgesetzt.<\/p>\n\n\n\n<p class=\"has-small-font-size\">(Anregungen wurden dem \u201eWerkbuch Schulpastoral\u201c von Joachim Kittel entnommen)<\/p>\n","protected":false},"excerpt":{"rendered":"<p>&#8222;Kein Raum wie jeder Andere&#8220; \u201eDenn der Raum des Geistes, dort wo er seine Fl\u00fcgel \u00f6ffnen kann, das ist die Stille.\u201c(Antoine de Saint-Exupery) Dieser Raum [&hellip;]<\/p>\n","protected":false},"author":1,"featured_media":0,"parent":0,"menu_order":0,"comment_status":"closed","ping_status":"closed","template":"","meta":{"footnotes":""},"class_list":["post-301","page","type-page","status-publish","hentry"],"_links":{"self":[{"href":"https:\/\/schwarzwaldschule-rheinstetten.de\/index.php?rest_route=\/wp\/v2\/pages\/301","targetHints":{"allow":["GET"]}}],"collection":[{"href":"https:\/\/schwarzwaldschule-rheinstetten.de\/index.php?rest_route=\/wp\/v2\/pages"}],"about":[{"href":"https:\/\/schwarzwaldschule-rheinstetten.de\/index.php?rest_route=\/wp\/v2\/types\/page"}],"author":[{"embeddable":true,"href":"https:\/\/schwarzwaldschule-rheinstetten.de\/index.php?rest_route=\/wp\/v2\/users\/1"}],"replies":[{"embeddable":true,"href":"https:\/\/schwarzwaldschule-rheinstetten.de\/index.php?rest_route=%2Fwp%2Fv2%2Fcomments&post=301"}],"version-history":[{"count":20,"href":"https:\/\/schwarzwaldschule-rheinstetten.de\/index.php?rest_route=\/wp\/v2\/pages\/301\/revisions"}],"predecessor-version":[{"id":895,"href":"https:\/\/schwarzwaldschule-rheinstetten.de\/index.php?rest_route=\/wp\/v2\/pages\/301\/revisions\/895"}],"wp:attachment":[{"href":"https:\/\/schwarzwaldschule-rheinstetten.de\/index.php?rest_route=%2Fwp%2Fv2%2Fmedia&parent=301"}],"curies":[{"name":"wp","href":"https:\/\/api.w.org\/{rel}","templated":true}]}}

<h2 class="wp-block-heading has-text-align-center">&#8222;Kein Raum wie jeder Andere&#8220;</h2>



<p class="has-text-align-center"><em><strong>„Denn der Raum des Geistes, dort wo er seine Flügel öffnen kann, das ist die Stille.“<br>(Antoine de Saint-Exupery)</strong></em></p>



<div style="height:25px" aria-hidden="true" class="wp-block-spacer"></div>



<div class="wp-block-columns is-layout-flex wp-container-core-columns-is-layout-9d6595d7 wp-block-columns-is-layout-flex">
<div class="wp-block-column is-layout-flow wp-block-column-is-layout-flow"><div class="wp-block-image">
<figure class="aligncenter size-full is-resized"><img loading="lazy" decoding="async" width="378" height="495" src="https://schwarzwaldschule-rheinstetten.de/wp-content/uploads/2024/01/raumderstille1.jpg" alt="" class="wp-image-873" style="width:201px;height:auto" srcset="https://schwarzwaldschule-rheinstetten.de/wp-content/uploads/2024/01/raumderstille1.jpg 378w, https://schwarzwaldschule-rheinstetten.de/wp-content/uploads/2024/01/raumderstille1-229x300.jpg 229w, https://schwarzwaldschule-rheinstetten.de/wp-content/uploads/2024/01/raumderstille1-12x16.jpg 12w, https://schwarzwaldschule-rheinstetten.de/wp-content/uploads/2024/01/raumderstille1-27x36.jpg 27w, https://schwarzwaldschule-rheinstetten.de/wp-content/uploads/2024/01/raumderstille1-37x48.jpg 37w" sizes="auto, (max-width: 378px) 100vw, 378px" /></figure>
</div></div>



<div class="wp-block-column is-layout-flow wp-block-column-is-layout-flow">
<div style="height:15px" aria-hidden="true" class="wp-block-spacer"></div>



<p><em>Dieser Raum soll ein Ort sein, an dem viele verschiedene Angebote möglich sind, die zur Achtsamkeit und zur Rückführung zu sich selbst führen. Es ist ein Ort des Zusammentreffens, der einen Gegenpol für das oft sehr hektische und lautstarke Schulleben bietet. Grundsätzlich soll es ein Raum sein, der keine „Wohnzimmeratmosphäre“ hat, sondern durch seine Schlichtheit die Möglichkeit bietet, der eigenen Fantasie Raum geben.</em></p>
</div>



<div class="wp-block-column is-layout-flow wp-block-column-is-layout-flow"><div class="wp-block-image">
<figure class="aligncenter size-full is-resized"><img loading="lazy" decoding="async" width="296" height="605" src="https://schwarzwaldschule-rheinstetten.de/wp-content/uploads/2024/01/raumderstille3.jpg" alt="" class="wp-image-888" style="width:180px;height:auto" srcset="https://schwarzwaldschule-rheinstetten.de/wp-content/uploads/2024/01/raumderstille3.jpg 296w, https://schwarzwaldschule-rheinstetten.de/wp-content/uploads/2024/01/raumderstille3-147x300.jpg 147w, https://schwarzwaldschule-rheinstetten.de/wp-content/uploads/2024/01/raumderstille3-8x16.jpg 8w, https://schwarzwaldschule-rheinstetten.de/wp-content/uploads/2024/01/raumderstille3-18x36.jpg 18w, https://schwarzwaldschule-rheinstetten.de/wp-content/uploads/2024/01/raumderstille3-23x48.jpg 23w" sizes="auto, (max-width: 296px) 100vw, 296px" /></figure>
</div></div>
</div>



<div style="height:25px" aria-hidden="true" class="wp-block-spacer"></div>



<div class="wp-block-columns is-layout-flex wp-container-core-columns-is-layout-9d6595d7 wp-block-columns-is-layout-flex">
<div class="wp-block-column is-layout-flow wp-block-column-is-layout-flow">
<h5 class="wp-block-heading"><strong>Ein Raum, der</strong></h5>



<ul class="wp-block-list">
<li>Entspannung</li>



<li>Sammlung</li>



<li>ganzheitliches Arbeiten</li>



<li>tiefere Begegnung</li>



<li>Rückzug</li>



<li>Meditation</li>
</ul>



<h5 class="wp-block-heading"><strong>ermöglicht</strong>.</h5>
</div>



<div class="wp-block-column is-layout-flow wp-block-column-is-layout-flow">
<h5 class="wp-block-heading"><strong>Ein Raum, der</strong></h5>



<ul class="wp-block-list">
<li>Unruhe</li>



<li>Lärm</li>



<li>Schnelllebigkeit</li>



<li>Aggressivität</li>



<li>Konzentrationsstörungen</li>



<li>Getrieben sein</li>
</ul>



<h5 class="wp-block-heading"><strong>vermeiden hilft.</strong></h5>
</div>



<div class="wp-block-column is-layout-flow wp-block-column-is-layout-flow">
<figure class="wp-block-image size-full"><img loading="lazy" decoding="async" width="403" height="537" src="https://schwarzwaldschule-rheinstetten.de/wp-content/uploads/2024/01/raumderstille2.jpg" alt="" class="wp-image-880" style="aspect-ratio:4/3;object-fit:cover" srcset="https://schwarzwaldschule-rheinstetten.de/wp-content/uploads/2024/01/raumderstille2.jpg 403w, https://schwarzwaldschule-rheinstetten.de/wp-content/uploads/2024/01/raumderstille2-225x300.jpg 225w, https://schwarzwaldschule-rheinstetten.de/wp-content/uploads/2024/01/raumderstille2-12x16.jpg 12w, https://schwarzwaldschule-rheinstetten.de/wp-content/uploads/2024/01/raumderstille2-27x36.jpg 27w, https://schwarzwaldschule-rheinstetten.de/wp-content/uploads/2024/01/raumderstille2-36x48.jpg 36w" sizes="auto, (max-width: 403px) 100vw, 403px" /></figure>
</div>
</div>



<div style="height:25px" aria-hidden="true" class="wp-block-spacer"></div>



<h5 class="wp-block-heading has-text-align-center"><strong>Nutzungsmöglichkeiten</strong></h5>



<ul class="wp-block-list">
<li>Fantasiereisen haben hier ihren Ort</li>



<li>Entspannungs- und Konzentrationsübungen</li>



<li>Gesprächskreise in besonderer Atmosphäre</li>



<li>Ein Raum für Einzelgespräche, z.B. bei einem Trauerfall oder Lern- und  Verhaltensproblemen</li>



<li>Ein Raum für ganz persönliche, kollegiale Gespräche</li>



<li>Ein Raum, um über aktuelle Ereignisse zu sprechen</li>



<li>Entspannungspausen für Schüler*innen</li>



<li>Thematisch gestaltete Pausen in der Fasten- und Adventszeit</li>



<li>Ganzheitliches Arbeiten im Religionsunterricht</li>



<li>Ein Raum für Gebet und Meditation</li>



<li>Für die Schulsozialarbeit und ihre Angebote</li>



<li>Jede Lehrkraft kann während des Schulalltages Ruhe und Entspannung finden</li>
</ul>



<div style="height:25px" aria-hidden="true" class="wp-block-spacer"></div>



<p class="has-small-font-size">Das Konzept des Raumes wurde durch die Fachschaft Religion und der Schulseelsorge erarbeitet und umgesetzt.</p>



<p class="has-small-font-size">(Anregungen wurden dem „Werkbuch Schulpastoral“ von Joachim Kittel entnommen)</p>

<p>&#8222;Kein Raum wie jeder Andere&#8220; „Denn der Raum des Geistes, dort wo er seine Flügel öffnen kann, das ist die Stille.“(Antoine de Saint-Exupery) Dieser Raum [&hellip;]</p>
