{"id":142,"date":"2023-02-12T12:35:13","date_gmt":"2023-02-12T11:35:13","guid":{"rendered":"https:\/\/sws.mjedv.com\/?page_id=142"},"modified":"2025-09-17T17:51:06","modified_gmt":"2025-09-17T15:51:06","slug":"foerdergemeinschaft","status":"publish","type":"page","link":"https:\/\/schwarzwaldschule-rheinstetten.de\/?page_id=142","title":{"rendered":"F\u00f6rdergemeinschaft"},"content":{"rendered":"\n<h3 class=\"wp-block-heading has-text-align-center\">F\u00f6rdergemeinschaft Schwarzwaldschule e.V.<\/h3>\n\n\n<div class=\"wp-block-image\">\n<figure class=\"aligncenter size-full is-resized\"><img loading=\"lazy\" decoding=\"async\" width=\"104\" height=\"103\" src=\"https:\/\/sws.mjedv.com\/wp-content\/uploads\/2023\/02\/grafik-1.png\" alt=\"\" class=\"wp-image-195\" style=\"width:125px;height:124px\"\/><\/figure>\n<\/div>\n\n\n<p>Die F\u00f6rdergemeinschaft Schwarzwaldschule e.V.&nbsp; wurde am 17.09.2018 gegr\u00fcndet. Satzungsgem\u00e4\u00df verfolgt der Verein ausschlie\u00dflich und unmittelbar gemeinn\u00fctzige Zwecke. Er ist dabei selbstlos t\u00e4tig. Es wurde bestimmt, dass allj\u00e4hrlich mindestens eine Mitgliederversammlung stattfindet und die Wahl des Vorstandes alle zwei Jahre erfolgt.<\/p>\n\n\n\n<p>Dem Vorstand der F\u00f6rdergemeinschaft geh\u00f6ren an:<\/p>\n\n\n\n<div style=\"height:25px\" aria-hidden=\"true\" class=\"wp-block-spacer\"><\/div>\n\n\n\n<p>Vorsitzender:&nbsp;&nbsp;&nbsp;&nbsp;&nbsp;&nbsp;&nbsp;&nbsp;&nbsp;&nbsp;&nbsp;&nbsp;&nbsp; &nbsp;&nbsp;&nbsp;&nbsp;&nbsp;&nbsp;&nbsp;&nbsp;&nbsp;&nbsp;&nbsp; &nbsp;&nbsp;&nbsp;&nbsp;&nbsp;&nbsp;&nbsp;&nbsp;&nbsp;&nbsp;&nbsp;      Bastian Ellenrieder<\/p>\n\n\n\n<p>1. Stellvertreterin:&nbsp;&nbsp;&nbsp;&nbsp;&nbsp;&nbsp;&nbsp;&nbsp;&nbsp;&nbsp;&nbsp;&nbsp;&nbsp;&nbsp;&nbsp;&nbsp;&nbsp;&nbsp;&nbsp;&nbsp;&nbsp;&nbsp;&nbsp;&nbsp;&nbsp;&nbsp;&nbsp;&nbsp;&nbsp;&nbsp;     Christina Lorenz<\/p>\n\n\n\n<p>2. Stellvertreterin:&nbsp;&nbsp;&nbsp;&nbsp;&nbsp;&nbsp; &nbsp;&nbsp;&nbsp;&nbsp;&nbsp;&nbsp;&nbsp;&nbsp;&nbsp;&nbsp;&nbsp;&nbsp;&nbsp;&nbsp;&nbsp;&nbsp;&nbsp;&nbsp;&nbsp;&nbsp;&nbsp;&nbsp;&nbsp;    Romy Erbe<\/p>\n\n\n\n<p>Rechnungs- und Schriftf\u00fchrerin:&nbsp;&nbsp;&nbsp;&nbsp;&nbsp;&nbsp;&nbsp; Bettina Ball<\/p>\n\n\n\n<div style=\"height:25px\" aria-hidden=\"true\" class=\"wp-block-spacer\"><\/div>\n\n\n\n<p>In der Mitgliederversammlung wurde ein Mindestbeitrag \u00fcber 12 Euro f\u00fcr einen Mitgliedschaft als angemessen erachtet.<\/p>\n\n\n\n<p>Die Vorstandsmitglieder nehmen bestimmt an, dass alle Absichten und Ziele der F\u00f6rdergemeinschaft auch Ihre gesch\u00e4tzte Zustimmung finden.<\/p>\n\n\n\n<p>Wir w\u00fcrden uns sehr dar\u00fcber freuen, wenn auch Sie Mitglied unserer F\u00f6rdergemeinschaft werden w\u00fcrden. Das Anmeldeformular finden Sie hier als Download.<\/p>\n\n\n\n<div class=\"wp-block-file aligncenter\"><a id=\"wp-block-file--media-1d831133-b110-444d-9191-bfba48828724\" href=\"https:\/\/schwarzwaldschule-rheinstetten.de\/wp-content\/uploads\/2025\/09\/2019-02-Mitgliedsantrag_Foerdergemeinschaft-Schwarzwaldschule-Rheinstetten-ev.pdf\">2019-02-Mitgliedsantrag_F\u00f6rdergemeinschaft Schwarzwaldschule Rheinstetten ev<\/a><a href=\"https:\/\/schwarzwaldschule-rheinstetten.de\/wp-content\/uploads\/2025\/09\/2019-02-Mitgliedsantrag_Foerdergemeinschaft-Schwarzwaldschule-Rheinstetten-ev.pdf\" class=\"wp-block-file__button wp-element-button\" download aria-describedby=\"wp-block-file--media-1d831133-b110-444d-9191-bfba48828724\">Herunterladen<\/a><\/div>\n\n\n\n<p><\/p>\n","protected":false},"excerpt":{"rendered":"<p>F\u00f6rdergemeinschaft Schwarzwaldschule e.V. Die F\u00f6rdergemeinschaft Schwarzwaldschule e.V.&nbsp; wurde am 17.09.2018 gegr\u00fcndet. Satzungsgem\u00e4\u00df verfolgt der Verein ausschlie\u00dflich und unmittelbar gemeinn\u00fctzige Zwecke. Er ist dabei selbstlos t\u00e4tig. [&hellip;]<\/p>\n","protected":false},"author":1,"featured_media":0,"parent":0,"menu_order":0,"comment_status":"closed","ping_status":"closed","template":"","meta":{"footnotes":""},"class_list":["post-142","page","type-page","status-publish","hentry"],"_links":{"self":[{"href":"https:\/\/schwarzwaldschule-rheinstetten.de\/index.php?rest_route=\/wp\/v2\/pages\/142","targetHints":{"allow":["GET"]}}],"collection":[{"href":"https:\/\/schwarzwaldschule-rheinstetten.de\/index.php?rest_route=\/wp\/v2\/pages"}],"about":[{"href":"https:\/\/schwarzwaldschule-rheinstetten.de\/index.php?rest_route=\/wp\/v2\/types\/page"}],"author":[{"embeddable":true,"href":"https:\/\/schwarzwaldschule-rheinstetten.de\/index.php?rest_route=\/wp\/v2\/users\/1"}],"replies":[{"embeddable":true,"href":"https:\/\/schwarzwaldschule-rheinstetten.de\/index.php?rest_route=%2Fwp%2Fv2%2Fcomments&post=142"}],"version-history":[{"count":11,"href":"https:\/\/schwarzwaldschule-rheinstetten.de\/index.php?rest_route=\/wp\/v2\/pages\/142\/revisions"}],"predecessor-version":[{"id":1082,"href":"https:\/\/schwarzwaldschule-rheinstetten.de\/index.php?rest_route=\/wp\/v2\/pages\/142\/revisions\/1082"}],"wp:attachment":[{"href":"https:\/\/schwarzwaldschule-rheinstetten.de\/index.php?rest_route=%2Fwp%2Fv2%2Fmedia&parent=142"}],"curies":[{"name":"wp","href":"https:\/\/api.w.org\/{rel}","templated":true}]}}