{"id":118,"date":"2023-02-12T12:11:36","date_gmt":"2023-02-12T11:11:36","guid":{"rendered":"https:\/\/sws.mjedv.com\/?page_id=118"},"modified":"2024-10-10T19:52:39","modified_gmt":"2024-10-10T17:52:39","slug":"schulsozialarbeit","status":"publish","type":"page","link":"https:\/\/schwarzwaldschule-rheinstetten.de\/?page_id=118","title":{"rendered":"Schulsozialarbeit"},"content":{"rendered":"\n<h2 class=\"wp-block-heading has-text-align-center\">Schulsozialarbeit<\/h2>\n\n\n\n<p>Liebe Eltern, Liebe Sorgeberechtigten,<\/p>\n\n\n\n<p>mein Name ist Kristin Ries und ich bin seit Mai 2018 an der Schwarzwaldschule als Schulsozialarbeiterin t\u00e4tig. Von Juni 2020 bis Oktober 2022 befand ich mich in Elternzeit und bin nun seit November 2022 wieder an der Schule.<\/p>\n\n\n\n<p>Meine Aufgabe als Schulsozialarbeiterin ist es ihre Kinder bei ihrer pers\u00f6nlichen und sozialen Entwicklung zu unterst\u00fctzen, sie zu begleiten und&nbsp; eine wertsch\u00e4tzend, authentische Ansprechperson f\u00fcr sie zu sein. Im Mittelpunkt steht f\u00fcr mich dabei immer die Individualit\u00e4t eines jeden Kindes und dessen St\u00e4rken und Anliegen.<\/p>\n\n\n\n<p>Mein Beratungsangebot richtet sich gleicherma\u00dfen an Sie als Eltern, sowie die Lehrkr\u00e4fte an der Schwarzwaldschule. Die pers\u00f6nliche Beratung ist kostenfrei und unterliegt selbstverst\u00e4ndlich der beruflichen Schweigepflicht. N\u00e4here Informationen k\u00f6nnen Sie dem beigelegten Flyer entnehmen.<\/p>\n\n\n\n<p>Wenn Sie fragen an mich haben oder einen Gespr\u00e4chstermin vereinbaren m\u00f6chten, melden Sie sich gerne unter den unten aufgef\u00fchrten Kontaktdaten bei mir.<\/p>\n\n\n\n<div style=\"height:25px\" aria-hidden=\"true\" class=\"wp-block-spacer\"><\/div>\n\n\n\n<p>Herzliche Gr\u00fc\u00dfe<\/p>\n\n\n\n<p>Kristin Ries<\/p>\n\n\n\n<p><strong>Schulsozialarbeiterin<\/strong><\/p>\n\n\n\n<div style=\"height:25px\" aria-hidden=\"true\" class=\"wp-block-spacer\"><\/div>\n\n\n\n<p><\/p>\n\n\n\n<p><strong>Tel: 015256446122<\/strong><\/p>\n\n\n\n<p><strong>E-Mail: kristin.ries@rheinstetten.de<\/strong><\/p>\n\n\n\n<div style=\"height:25px\" aria-hidden=\"true\" class=\"wp-block-spacer\"><\/div>\n\n\n\n<p class=\"has-text-align-center\"><strong>Anwesenheiten an der Schule<\/strong><\/p>\n\n\n\n<div style=\"height:25px\" aria-hidden=\"true\" class=\"wp-block-spacer\"><\/div>\n\n\n\n<div class=\"wp-block-columns is-not-stacked-on-mobile is-layout-flex wp-container-core-columns-is-layout-9d6595d7 wp-block-columns-is-layout-flex\">\n<div class=\"wp-block-column is-layout-flow wp-block-column-is-layout-flow\">\n<p class=\"has-text-align-right\"><strong>Montag<\/strong> &#8211; <strong>Mittwoch<\/strong>:\u00a0<\/p>\n<\/div>\n\n\n\n<div class=\"wp-block-column is-layout-flow wp-block-column-is-layout-flow\">\n<p>9.00 Uhr bis 12.00 Uhr<\/p>\n<\/div>\n<\/div>\n\n\n\n<div class=\"wp-block-columns is-not-stacked-on-mobile is-layout-flex wp-container-core-columns-is-layout-9d6595d7 wp-block-columns-is-layout-flex\">\n<div class=\"wp-block-column is-layout-flow wp-block-column-is-layout-flow\">\n<p class=\"has-text-align-right\"><strong>Donnerstag:<\/strong>\u00a0\u00a0\u00a0<\/p>\n<\/div>\n\n\n\n<div class=\"wp-block-column is-layout-flow wp-block-column-is-layout-flow\">\n<p>9.00 Uhr bis 10.00 Uhr<\/p>\n<\/div>\n<\/div>\n\n\n\n<div class=\"wp-block-columns is-not-stacked-on-mobile is-layout-flex wp-container-core-columns-is-layout-9d6595d7 wp-block-columns-is-layout-flex\">\n<div class=\"wp-block-column is-layout-flow wp-block-column-is-layout-flow\">\n<p class=\"has-text-align-right\"><\/p>\n<\/div>\n\n\n\n<div class=\"wp-block-column is-layout-flow wp-block-column-is-layout-flow\">\n<p><\/p>\n<\/div>\n<\/div>\n\n\n\n<div class=\"wp-block-columns is-not-stacked-on-mobile is-layout-flex wp-container-core-columns-is-layout-9d6595d7 wp-block-columns-is-layout-flex\">\n<div class=\"wp-block-column is-layout-flow wp-block-column-is-layout-flow\">\n<p class=\"has-text-align-right\"><\/p>\n<\/div>\n\n\n\n<div class=\"wp-block-column is-layout-flow wp-block-column-is-layout-flow\">\n<p><\/p>\n<\/div>\n<\/div>\n\n\n\n<p class=\"has-text-align-center\"><em>\u201eWir k\u00f6nnen von unseren Kindern lernen, dass es unm\u00f6glich ist, einen anderen Menschen nach unseren W\u00fcnschen zu formen- aber ein echtes Geschenk, ihn dabei zu begleiten, er selbst zu werden.\u201c<\/em><\/p>\n\n\n\n<p class=\"has-text-align-center\"><strong><em>Zitat Nora Imlau<\/em><\/strong><\/p>\n","protected":false},"excerpt":{"rendered":"<p>Schulsozialarbeit Liebe Eltern, Liebe Sorgeberechtigten, mein Name ist Kristin Ries und ich bin seit Mai 2018 an der Schwarzwaldschule als Schulsozialarbeiterin t\u00e4tig. Von Juni 2020 [&hellip;]<\/p>\n","protected":false},"author":1,"featured_media":0,"parent":0,"menu_order":0,"comment_status":"closed","ping_status":"closed","template":"","meta":{"footnotes":""},"class_list":["post-118","page","type-page","status-publish","hentry"],"_links":{"self":[{"href":"https:\/\/schwarzwaldschule-rheinstetten.de\/index.php?rest_route=\/wp\/v2\/pages\/118","targetHints":{"allow":["GET"]}}],"collection":[{"href":"https:\/\/schwarzwaldschule-rheinstetten.de\/index.php?rest_route=\/wp\/v2\/pages"}],"about":[{"href":"https:\/\/schwarzwaldschule-rheinstetten.de\/index.php?rest_route=\/wp\/v2\/types\/page"}],"author":[{"embeddable":true,"href":"https:\/\/schwarzwaldschule-rheinstetten.de\/index.php?rest_route=\/wp\/v2\/users\/1"}],"replies":[{"embeddable":true,"href":"https:\/\/schwarzwaldschule-rheinstetten.de\/index.php?rest_route=%2Fwp%2Fv2%2Fcomments&post=118"}],"version-history":[{"count":10,"href":"https:\/\/schwarzwaldschule-rheinstetten.de\/index.php?rest_route=\/wp\/v2\/pages\/118\/revisions"}],"predecessor-version":[{"id":980,"href":"https:\/\/schwarzwaldschule-rheinstetten.de\/index.php?rest_route=\/wp\/v2\/pages\/118\/revisions\/980"}],"wp:attachment":[{"href":"https:\/\/schwarzwaldschule-rheinstetten.de\/index.php?rest_route=%2Fwp%2Fv2%2Fmedia&parent=118"}],"curies":[{"name":"wp","href":"https:\/\/api.w.org\/{rel}","templated":true}]}}

<h2 class="wp-block-heading has-text-align-center">Schulsozialarbeit</h2>



<p>Liebe Eltern, Liebe Sorgeberechtigten,</p>



<p>mein Name ist Kristin Ries und ich bin seit Mai 2018 an der Schwarzwaldschule als Schulsozialarbeiterin tätig. Von Juni 2020 bis Oktober 2022 befand ich mich in Elternzeit und bin nun seit November 2022 wieder an der Schule.</p>



<p>Meine Aufgabe als Schulsozialarbeiterin ist es ihre Kinder bei ihrer persönlichen und sozialen Entwicklung zu unterstützen, sie zu begleiten und&nbsp; eine wertschätzend, authentische Ansprechperson für sie zu sein. Im Mittelpunkt steht für mich dabei immer die Individualität eines jeden Kindes und dessen Stärken und Anliegen.</p>



<p>Mein Beratungsangebot richtet sich gleichermaßen an Sie als Eltern, sowie die Lehrkräfte an der Schwarzwaldschule. Die persönliche Beratung ist kostenfrei und unterliegt selbstverständlich der beruflichen Schweigepflicht. Nähere Informationen können Sie dem beigelegten Flyer entnehmen.</p>



<p>Wenn Sie fragen an mich haben oder einen Gesprächstermin vereinbaren möchten, melden Sie sich gerne unter den unten aufgeführten Kontaktdaten bei mir.</p>



<div style="height:25px" aria-hidden="true" class="wp-block-spacer"></div>



<p>Herzliche Grüße</p>



<p>Kristin Ries</p>



<p><strong>Schulsozialarbeiterin</strong></p>



<div style="height:25px" aria-hidden="true" class="wp-block-spacer"></div>



<p></p>



<p><strong>Tel: 015256446122</strong></p>



<p><strong>E-Mail: kristin.ries@rheinstetten.de</strong></p>



<div style="height:25px" aria-hidden="true" class="wp-block-spacer"></div>



<p class="has-text-align-center"><strong>Anwesenheiten an der Schule</strong></p>



<div style="height:25px" aria-hidden="true" class="wp-block-spacer"></div>



<div class="wp-block-columns is-not-stacked-on-mobile is-layout-flex wp-container-core-columns-is-layout-9d6595d7 wp-block-columns-is-layout-flex">
<div class="wp-block-column is-layout-flow wp-block-column-is-layout-flow">
<p class="has-text-align-right"><strong>Montag</strong> &#8211; <strong>Mittwoch</strong>: </p>
</div>



<div class="wp-block-column is-layout-flow wp-block-column-is-layout-flow">
<p>9.00 Uhr bis 12.00 Uhr</p>
</div>
</div>



<div class="wp-block-columns is-not-stacked-on-mobile is-layout-flex wp-container-core-columns-is-layout-9d6595d7 wp-block-columns-is-layout-flex">
<div class="wp-block-column is-layout-flow wp-block-column-is-layout-flow">
<p class="has-text-align-right"><strong>Donnerstag:</strong>   </p>
</div>



<div class="wp-block-column is-layout-flow wp-block-column-is-layout-flow">
<p>9.00 Uhr bis 10.00 Uhr</p>
</div>
</div>



<div class="wp-block-columns is-not-stacked-on-mobile is-layout-flex wp-container-core-columns-is-layout-9d6595d7 wp-block-columns-is-layout-flex">
<div class="wp-block-column is-layout-flow wp-block-column-is-layout-flow">
<p class="has-text-align-right"></p>
</div>



<div class="wp-block-column is-layout-flow wp-block-column-is-layout-flow">
<p></p>
</div>
</div>



<div class="wp-block-columns is-not-stacked-on-mobile is-layout-flex wp-container-core-columns-is-layout-9d6595d7 wp-block-columns-is-layout-flex">
<div class="wp-block-column is-layout-flow wp-block-column-is-layout-flow">
<p class="has-text-align-right"></p>
</div>



<div class="wp-block-column is-layout-flow wp-block-column-is-layout-flow">
<p></p>
</div>
</div>



<p class="has-text-align-center"><em>„Wir können von unseren Kindern lernen, dass es unmöglich ist, einen anderen Menschen nach unseren Wünschen zu formen- aber ein echtes Geschenk, ihn dabei zu begleiten, er selbst zu werden.“</em></p>



<p class="has-text-align-center"><strong><em>Zitat Nora Imlau</em></strong></p>

<p>Schulsozialarbeit Liebe Eltern, Liebe Sorgeberechtigten, mein Name ist Kristin Ries und ich bin seit Mai 2018 an der Schwarzwaldschule als Schulsozialarbeiterin tätig. Von Juni 2020 [&hellip;]</p>
